 t(a) = 3*a**3 - 168*a**2 - 47*a + 109. Let p(w) = -4*t(w) - 13*u(w). Give p(6).
-16
Let t(w) = -w**3 + 7*w**2 + 3*w - 3. Suppose -242 = -7*x + 5*x. Suppose -3*n + 3*j = -x + 10, n + 4*j - 27 = 0. Suppose 14 = -33*m + n*m. What is t(m)?
18
Let h = 2888 + -2877. Let b(y) = -5 - 2 + y - 8. Calculate b(h).
-4
Let g(r) = 2*r + 10. Let m be 14/(-2) + 456/24. Suppose 33*j + m = 31*j. Determine g(j).
-2
Let f(x) = -4341312 + 5*x - 6*x**2 + 4341321 - x**3 + 6*x. Give f(-8).
49
Let q be 9*(1 - 0)*(-162)/(-243). Let r(a) = -2*a**3 - 6*a**2 + a - 5. Let i(x) = -3*x**3 - 6*x**2 + x - 6. Let d(y) = -3*i(y) + 4*r(y). Determine d(q).
4
Let o(r) = 5*r - 2. Let b = -541 - -542. Calculate o(b).
3
Suppose u + 5 = 0, -9*u = 4*i - 14*u - 29. Let n(m) = 52*m - 1 - 42*m - i. Determine n(2).
18
Let m(q) = -q + 1. Let h(n) = n**2 + n + 5. Suppose 19*i + 3693 = 3712. Let j = -3 - -2. Let k(s) = i*h(s) + j*m(s). What is k(3)?
19
Suppose h - 2*y - 52 - 29 = 0, 3*h - 5*y - 240 = 0. Let q = -45 + h. Let t(p) = 21*p + 6*p**2 + q*p - 49*p. Give t(-2).
20
Let i(l) = -2*l - 16. Suppose 0 - 42 = -14*z. Suppose -z*w + 3*t - 12 = 9, -3*t = 0. Determine i(w).
-2
Let m(y) = 2*y**2 - 6*y - 32. Let c(f) = -7*f**3 - 28*f**2 - 9*f - 27. Let u be c(-4). Determine m(u).
76
Let l(q) = -q**3 + 10*q**2 + q - 13. Let w be -48*((-35)/(-15) + -3). Suppose 4*d - w = -2*y, -3*y + y - 3*d + 29 = 0. Give l(y).
-3
Let w(v) = -v + 22. Let n be w(16). Let i(r) = -r + 8. Let y(k) = k - 7. Let q(o) = -7*i(o) - 6*y(o). Determine q(n).
-8
Let j(o) be the second derivative of -3*o**3/2 - 7*o**2/2 - 35*o + 1. Let f(d) = -3*d - 2. Let i(a) = 17*f(a) - 6*j(a). Calculate i(-6).
-10
Let k(x) = x**3 - 11*x**2 + 1. Let z be ((-48)/36)/((-4)/6). Let u be z + -9 + 1 - -17. Give k(u).
1
Suppose -17*n = 88 - 513. Let x(b) = -2*b + 51. What is x(n)?
1
Let x = 889 - 892. Let l(j) = 5*j**3 - j**2 + 4*j - 8. Let y(p) = -p**3 + p**2 - p + 2. Let f(h) = l(h) + 4*y(h). Determine f(x).
0
Let a be (-652)/(-44) - (-15)/(1155/14). Let h(l) = -l**3 + 16*l**2 - 15*l - 4. Let r be h(a). Let u(s) = s**2 + 4*s - 7. Give u(r).
-7
Let y be -3 + 1 + 3 + -4. Let k be (-3)/(-6)*-4 - -4. Let h(v) = -23*v**2 + 3 + 21*v**k - 3*v + 0. Determine h(y).
-6
Let g(t) = 722*t + 4334. Let w be g(-6). Let y(q) = 9*q**2 + q - 1. What is y(w)?
37
Let y(q) = q**2 - 3*q + 7. Let r(d) = d**3 - 16*d**2 + 27*d + 17. Let s be r(14). What is y(s)?
7
Let t(q) = q**2 - 4*q - 37. Let x be t(9). Let n(v) = 3*v + 17*v - v - 22*v + 14. Determine n(x).
-10
Let l(r) = -12*r**3 - 2*r + 1. Let g be l(1). Let b = g + 6. Let x(c) = 2*c + 8. Determine x(b).
-6
Let o(t) = -377*t - 1898. Let l be o(-5). Let w(d) = -d**3 - 6*d**2 + 92*d + 1. Calculate w(l).
-12
Let m(z) = 23 - 9*z + 2*z + 0 + 3*z. Calculate m(10).
-17
Let i be -19*(28/(-8))/7*2. Suppose 4*o + i = -u, o - 13 = 5*u - 2. Let c(s) = 2*s**2 + 5*s - 5. What is c(u)?
-2
Let t(v) = -v**3 - 6*v**2 - v - 6. Let w(m) = 5*m**3 + 25*m**2 + 3*m + 25. Let s(z) = 9*t(z) + 2*w(z). Suppose 4*h = 2*a + 30, 6*a - 3*a - 5 = -4*h. Give s(h).
6
Let n(y) = 382*y - 195*y + 9 - 181*y. Determine n(7).
51
Let z be 1/(2/4) - 1. Let i(l) = l**3 - z - 3*l**2 - l - 1 + 5 - 1. Let k be (15/75*(1 + 4))/((-2)/(-6)). Give i(k).
-1
Let y(o) = 2*o + 12. Let m be -14*(125/(-2) + -2)/3. Suppose m*s = 306*s + 50. What is y(s)?
-8
Suppose 13*w + 14 = 14*w + 4*s, 5*w - 4*s + 2 = 0. Let q(m) = 2*m**3 - m**2 - 3*m + 1. Give q(w).
7
Let t = 8 + 23. Let h = 27 - t. Let v(p) be the second derivative of -p**3/3 - p**2 - 52*p. Determine v(h).
6
Let p(r) = r**2 + r - 29. Suppose -5*j - 3 = -23, 2*x + 3*j = 22. Determine p(x).
1
Let j(x) = -x**3 - 10*x**2 + 12*x + 11. Let r be j(-11). Suppose l + 0*l - 3 = r. Let v(w) = w**3 - w**2 - 3*w + 2. Give v(l).
11
Let i(l) = -2*l**2 + 1. Let p(u) = u**3 - 17*u**2 - 8. Let d(t) = 4*i(t) - p(t). Suppose 2*q - 15 = -q. Suppose -50 = -q*s - 5. What is d(s)?
12
Let a(s) = 14*s + 19556 - 38991 + s**2 + 19480. What is a(-11)?
12
Let i(u) = u**2 + 3*u + 23. Let o(l) = 66*l - 594. Let h be o(9). Determine i(h).
23
Let h(x) = x**3 - 4*x**2 - 5*x. Suppose -4*l = -4*j + 56, 4*j + 5*l = l + 40. Let w = 149 - 156. Let q = j + w. Give h(q).
0
Let o(p) = -19*p**2 + 12*p - 1. Let q(n) = 35*n**2 - 21*n - 1. Let d(x) = -9*o(x) - 5*q(x). Determine d(-5).
-71
Suppose -p = -17 + 1. Let c(o) = -o**3 + 17*o**2 - 17*o + 9. Let g be c(p). Let a(v) = -v**2 - 7*v + 10. What is a(g)?
10
Let a(y) = -2*y**2 + y - 6. Let z be a(2). Let g(k) = -k - 10. Let t be g(z). Let r(j) = -8 + 0*j - j - t*j + 2. Calculate r(-5).
9
Let b = -89 + 95. Suppose -l + m = -b - 24, -5*m - 15 = 0. Let k(t) = -t - 6 + l - 4 - 12. Determine k(9).
-4
Let u(z) = z**2 + 6*z + 3. Let b(n) be the third derivative of 18*n**2 + 2*n**3 + 1/120*n**6 - 17/60*n**5 + 0 + 0*n - 1/24*n**4. Let t be b(17). Determine u(t).
-2
Let k(b) be the first derivative of -2*b**3 + 143 + 8*b - 1/4*b**4 + 7/2*b**2. What is k(-7)?
8
Let d(u) = -u - 14 + 23 - 3*u**2 + 10*u - 3 - 8*u - u**3. Let z be (-10)/2 - (0 + -2). Determine d(z).
3
Let t = -19558 + 19519. Let a(j) = -4*j - 166. Determine a(t).
-10
Let i(q) = 1606*q**3 - 33*q**2 - 53*q - 99 - 1607*q**3 + 375. What is i(-31)?
-3
Let u(v) = -162*v + 3393. Let z be u(21). Let x(m) = 7*m + 22. Give x(z).
-41
Let a(t) = 230 + 220 - 5*t - 682 + 219 + t. What is a(5)?
-33
Let p(j) = -15*j**3 - 4*j**2 - 15*j**3 + 42*j**3 + 2*j**2 - 11*j**3 + 3*j. Determine p(2).
6
Let t = 15 + -11. Suppose d - 2*n = t, 4*n + 8 = -2*d - 0*d. Suppose d = -2*r + h - 6, -2*r - r + 2*h - 7 = 0. Let w(a) = -a**3 - 6*a**2 - a. What is w(r)?
-20
Let o be (-7)/(-14) - (-39)/6. Let i(u) = -2*u**2 + u + 6. Let h(c) = -c**2 + c + 3. Let l(n) = o*h(n) - 3*i(n). Calculate l(5).
-2
Let y(v) = -v - 2. Let u be y(2). Let d(q) be the second derivative of -q**3/3 - 5*q**2/2 + 5390*q + 1. Give d(u).
3
Let b(s) = s**2 + 6*s + 6. Let k be b(-5). Let l(w) = -21*w**2 - 6*w + 241. Let f(c) = -32*c**2 - 10*c + 386. Let h(o) = 5*f(o) - 8*l(o). What is h(k)?
8
Let l(a) be the second derivative of 1/2*a**3 - 1/60*a**5 - 17*a + 0*a**2 + 1/24*a**4 + 0. Let f(i) be the second derivative of l(i). Determine f(4).
-7
Let y(f) = -8*f + 160. Let p = 30664 - 30644. Give y(p).
0
Let a be 74*-1*(-405)/90. Let u = a - 333. Let z(f) = -f**3 + 3*f + 1. What is z(u)?
1
Let w(z) = -z**2 + z + 2. Suppose 0 = -13*p - 6*p + 209. Let g(a) = -14*a + 31*a - p + 8*a**2 - 2*a**2 - 14*a. Let v(o) = -g(o) - 5*w(o). Calculate v(-4).
17
Let z(m) = -m**3 - 9*m**2 + m - 1. Suppose 7*q + 4*f = 3*q, -q - 3*f - 6 = 0. Suppose 18 = 2*a + 24, q*a - 36 = 5*i. Determine z(i).
-10
Suppose -4*k + 76 = -201*u + 199*u, 0 = 5*k - u - 86. Let q(o) = -o**2 + 20*o - 37. Determine q(k).
27
Suppose f = -4*l + 12, 4*f = -4*l - f - 4. Let k be l - 90/25 - (-44)/(-10). Let w(z) = z**3 + 5*z**2 + z - 4. Give w(k).
8
Let o be ((-2)/(-3))/((-3)/(-9)). Let h(b) be the first derivative of 4*b**2 - 6*b**2 + 4 - 36 + 5*b**o. Determine h(-1).
-6
Let p(t) = -t - 4. Let s = 154 - 174. Let b = -30 - s. What is p(b)?
6
Let q(g) be the third derivative of g**4/2 - 5*g**3/2 + 596*g**2 + 2*g - 3. Determine q(2).
9
Let h be 2/5 + 24/(-10). Suppose 9*j - 97 = -34. Let z(u) = 0*u - u**2 + j*u**2 - 5*u**2 + 2*u + u**3. Calculate z(h).
-8
Let p = -3317 + 3322. Let k(o) be the first derivative of o**3/6 + 7*o**2/2 - 3*o + 1. Let j(u) be the first derivative of k(u). Give j(p).
12
Let r be 5 + 4/(-2) + -10 + 11. Let c(z) = 2*z**2 + 4*z - 3. Determine c(r).
45
Let t(b) be the second derivative of -b**4/12 - 3*b**3/2 - 3*b**2 - 1930*b. Suppose -r - 4 = -4*z, 3*z - 12 = 3*r - 0*r. Calculate t(r).
14
Let s(t) = -7*t + 1. Let l = 151 - 155. Let h(w) = 16*w - 3. Let y(x) = l*h(x) - 9*s(x). Calculate y(-5).
8
Let r(x) = -26*x + 221. Let l(q) = 9*q - 74. Let z(v) = 8*l(v) + 3*r(v). Determine z(9).
17
Suppose 2*f = 5*s + 5*f - 58, -2*f + 24 = 2*s. Suppose 0 = -0*j - s*j. Let d(g) be the second derivative of g**5/20 - g**4/12 - g**3/6 - g**2 - 9*g. Give d(j).
-2
Let f be 8/(8/9) + 35 + -46. Let g(z) = -4*z + 10. Calculate g(f).
18
Suppose 2*t = -4*t + 36. Suppose -4*s = 3*z - 84, -5*s + t + 98 = 4*z. Let q = s + -21. Let x(w) = w**3 - 2*w**2 - w + 1. Calculate x(q).
7
Let k(b) = -14*b**2 + 2*b - 1. Let c be 6 - 8 - (-222 - 0). Suppose 4*p - 35 = 4*u - 91, 74 = -5*p + u. Le